*w - 6 = 2*w. Let t be j(w). Let f = -2 - t. What is the tens digit of f?
1
Let y = 0 - 0. Suppose 3*i = -y*i + 6. What is the units digit of (i/8)/(1/4)?
1
Suppose g - 14 = i, -55 = -5*g + i + i. Suppose -4*d = -g*d - 1400. What is the tens digit of d/(-25) - 2/10?
1
What is the units digit of 0 - (-6)/(-3) - -35?
3
Let t(f) = -f**3 - 13*f**2 - 5*f - 15. Let i be t(-13). Let r(z) = 2*z - 10. Let y be r(10). Suppose -y = 5*h - i. What is the units digit of h?
8
What is the tens digit of 3*(-20)/9*-3?
2
Let i be (-2)/2*(6 - 6). Let w = 10 - i. What is the units digit of w?
0
What is the units digit of (6/4 - -4)*4?
2
Suppose 5*z = -l + 55, 0*l - 5*z + 175 = 4*l. What is the tens digit of l?
4
Let s(f) = -f**3 - 3*f**2 - f - 3. Let m be s(-3). Let b = -13 - -22. Let l = b - m. What is the units digit of l?
9
Suppose -5*d + 65 = 15. Let x be (3 - 2) + (12 - -2). Let o = x - d. What is the units digit of o?
5
Let z(c) = 2*c - c - 4 + 2*c - 7*c**2 + c**3. Let j be 5 - (1 + (-3)/1). What is the units digit of z(j)?
7
Let i(n) = 3*n - 3. Let p be i(9). Suppose h - p = -2*h. What is the units digit of h?
8
Let d(p) = p**3 + 7*p**2 + 8*p + 3. Suppose -5*w + 1 = g - 3, 2*g + 8 = -2*w. Let y be d(g). What is the units digit of (6/y)/(1/(-12))?
8
Let q(w) = -w**3 - 9*w**2 - 6*w + 6. Let k = 0 - 8. Let b be q(k). What is the units digit of (36/b)/((-2)/5)?
9
Suppose -3*b + b = -6. Let c(j) = -j - j**b + 0*j**3 + 2*j + 2*j**2 - 1. What is the units digit of c(2)?
1
Suppose 5*v = -15, -2*v - 18 = -4*y + 4. Suppose y = i - 4. What is the units digit of i?
8
Suppose -15 = -p + 4*p. Let i(q) = q + 7. Let d be i(p). What is the units digit of (1 - 1) + d + -1?
1
Let k(w) = 3*w - 2. Let j = -3 + 5. Let m be (2 - -2 - j) + 2. What is the units digit of k(m)?
0
Let s be 3 + (-3 - -1) + 1. Suppose 3*g - 4*g + 62 = 4*w, -76 = -5*w - s*g. What is the tens digit of w?
1
Suppose 0 = 3*c - 6, -5*y + 3*c + 1019 - 120 = 0. What is the tens digit of y?
8
What is the units digit of 2 + (1 - -8) - 3?
8
Suppose 2 = -s - 4*f, s + 2 = -3*f + 1. Suppose -5*m = y - s*y - 6, -8 = -4*y + 4*m. Suppose -13 - 47 = -y*a. What is the tens digit of a?
1
Suppose 5*y - 180 = 2*b + 3*b, -4*y = -3*b - 143. What is the tens digit of y?
3
Let p(z) = -z**3 + 14*z**2 + 11*z - 7. What is the tens digit of p(14)?
4
Let t(m) = 6*m**2 + 1. Let c = 0 + 4. Let z be ((-1)/(-4))/(c/16). What is the units digit of t(z)?
7
What is the tens digit of 4606/26 + (-24)/156?
7
Suppose -5*h - 11 = -66. What is the units digit of h?
1
Suppose 0 = 5*p + 2*f - 96, 3*p + 2*f = 5*p - 44. Suppose -6 = 7*n - p. What is the units digit of n?
2
Let q(a) be the second derivative of -a**3/2 - 2*a**2 - 2*a. Let k = 14 + -20. What is the units digit of q(k)?
4
Let j = -144 - -214. Suppose 2*i = 2*x + j, -3*x = -15 + 3. What is the units digit of i?
9
Suppose -3*x = 77 + 64. Let t = 78 + x. What is the tens digit of t?
3
Suppose 5*s - 16 = -1. Suppose -s = 2*n + n. What is the units digit of (8/12)/(n/(-6))?
4
Let u(f) be the first derivative of f**3 + f**2/2 - 4*f - 2. Let o be u(3). Suppose o - 2 = 3*h. What is the units digit of h?
8
Suppose 5*w - 152 = 38. Suppose -28 = -2*p - 2*a, -31 - w = -5*p - 4*a. What is the units digit of p?
3
Let w(d) = d**3 - 2*d**2 - 3*d. Let n be w(3). Suppose t = -t - 4*k + 48, -2*k + 6 = n. What is the units digit of t?
8
Suppose 0 = h - 0*p - 4*p - 13, 0 = 3*h - p - 6. Let a(z) = 2*z**3 - z**2. What is the units digit of a(h)?
1
Let t(g) = -g**3 + 11*g**2 + 15*g - 7. Let p(q) = -q**2 - q - 1. Let i(w) = 4*p(w) + t(w). Suppose -f - 3*f = -32. What is the tens digit of i(f)?
1
Suppose 57 + 143 = 2*x - 3*a, -4*x - 3*a = -418. Let b = x + -62. What is the tens digit of b?
4
What is the hundreds digit of (-1)/(-1) + 2 + 1 - -184?
1
Suppose -3*p + 0*p + 108 = 0. Suppose -4*b + 24 = 4*m - 24, -3*m + 2*b = -p. What is the tens digit of m?
1
Let g = 80 - 58. What is the units digit of g?
2
Let i = 11 - 3. Suppose -3*n + 36 = -g, g + 0*g - i = -n. What is the tens digit of n?
1
Suppose -x + 1 = 5*t, 0*x = 2*t + x + 2. Suppose -t - 1 = -2*r. What is the units digit of r?
1
Let x(u) be the first derivative of u**4/4 - 8*u**3/3 + 4*u**2 + 1. Let l be x(7). Suppose -5*f + l*j - 15 = 2*j, -3*j + 25 = 5*f. What is the units digit of f?
2
Let o(d) be the third derivative of 3*d**2 + 3/8*d**4 + 0 - 1/60*d**5 - 2/3*d**3 + 0*d. What is the units digit of o(7)?
0
Let u = -4 - -7. Let f = 5 - u. Suppose -f*q - 44 = -4*i + q, -56 = -5*i + 4*q. What is the units digit of i?
8
Suppose -4*l + w = -l - 2, 5*l + 2*w = 7. Let s be l/2 - 33/(-6). Suppose o - 3*o = -s, 0 = -5*k - 2*o + 31. What is the units digit of k?
5
Let l(g) = g**2 + 5*g - 5. Let m = 3 - -2. Suppose 0*r - m*n = 5*r + 25, -3*r + n - 19 = 0. What is the units digit of l(r)?
1
Let w = -10 - -24. What is the tens digit of w?
1
Let k = 178 - -19. What is the units digit of k?
7
Suppose 5*v - 2*g + 3*g = -37, 24 = -4*v + 2*g. Let i = v + 31. What is the units digit of i?
4
Suppose -2*d = x - 100, -3*d + 4*d = 4*x + 32. Suppose 0 = 5*a - 7*a - d. Let b = a + 35. What is the units digit of b?
1
Let g = 152 + 44. What is the units digit of g?
6
Let u be (-2)/8 + 169/4. Suppose 5*g + 2 = u. What is the units digit of g?
8
Suppose 4*l - 2*l - 10 = 0, -319 = -3*j - 5*l. What is the units digit of j?
8
Let k(f) = 0*f - 5 - f + 2*f. Let j be k(5). Let p = j - -6. What is the units digit of p?
6
What is the tens digit of (-4)/((-8)/58) - -3?
3
Suppose 2*d = d - 5. Let j(m) = m**3 + 6*m**2 + 5*m + 7. Let r be j(d). Suppose -2*s = -s - r. What is the units digit of s?
7
Let f(g) = -g**2 - g + 1. Let i be 0*3/(-9) + -1. What is the units digit of f(i)?
1
Let l(i) = 2*i - 2. Let h be l(-2). Let o = h + 7. What is the units digit of o?
1
Let x(y) = -6*y + 46. What is the tens digit of x(-19)?
6
Let j = 7 - -9. Suppose j = -0*n + n. What is the units digit of n?
6
Let t(d) = 11*d**2 + d - 1. Suppose -4 = -k, 4*j + 3*k - 17 = -j. What is the units digit of t(j)?
1
Suppose 0*a + 4*a - 11 = 3*r, 0 = -5*r + 2*a - 37. Let b = -2 - r. What is the units digit of b?
7
Let q(u) be the first derivative of u**3/3 + u**2 - 2*u - 1. What is the units digit of q(-3)?
1
What is the units digit of (204/18)/((-7)/3 + 3)?
7
Let f = -1 - -5. Suppose -4*c = -3*u + 21, -3*c = -f*u - 5 + 26. Let q = u + -2. What is the units digit of q?
1
Suppose o = -0*o + 2. Suppose -3*u + o*u + 13 = 0. What is the tens digit of u?
1
Suppose -4*q = -3*q - 51. Let f = q + 14. Suppose 2*x = 7*x - f. What is the units digit of x?
3
Let f(k) = 5 - 2*k + 1 - 4 - 20*k. What is the tens digit of f(-1)?
2
What is the units digit of (-2)/(8/(-204)*3)?
7
Suppose 25*u = 26*u - 48. What is the tens digit of u?
4
Let z(k) = k**3 - 6*k**2 + k - 3. Let a be z(6). Suppose 0 = b + a - 6. Suppose -35 = -b*v - 2*v. What is the units digit of v?
7
Suppose -3*p + 415 = 4*o, 0 = -4*p + 3*p - 4*o + 133. What is the tens digit of p?
4
Let i = -9 + 7. What is the units digit of i/(-8) - 190/(-8)?
4
Let r be 86*(3 + -1 - 3). What is the units digit of (r/4)/((-2)/4)?
3
Let s be -2*(-2 - 0 - -1). Let h be (-1)/1*s*-13. Suppose -5*v + 3*v + h = 0. What is the tens digit of v?
1
Let k be (-1)/(3/(-6)*1). Suppose -k*m + 30 = 3*m. What is the units digit of m?
6
Suppose -g + 39 = -50. What is the tens digit of g?
8
Let b(v) = v**3 + 5*v**2 - 3*v + 8. What is the tens digit of b(-5)?
2
Suppose 2*d = 3*d. Suppose d*x + x = 2. What is the units digit of x?
2
Let c = 45 - 6. Let d = -20 + c. What is the units digit of d/4 - (-1)/4?
5
Let m = 8 + -4. Suppose m*i - 2*b - 20 = 32, 2*i - 26 = -3*b. What is the tens digit of i?
1
Let z(m) be the third derivative of -5*m**4/24 - m**3 - 5*m**2. What is the tens digit of z(-5)?
1
What is the tens digit of (190/57)/((-1)/(-15))?
5
Let q(g) be the first derivative of g**3/3 - g**2/2 - 1. Let c be q(2). Suppose -c*l = v - 1, 0*l + 5*v + 3 = -2*l. What is the units digit of l?
1
Suppose 6*c - 75 = c. Suppose 0 = -5*n, 4*n + 9 = -4*k - c. What is the units digit of (7 - 0) + (-5 - k)?
8
Suppose -5 = i - 27. What is the units digit of i?
2
Let q(p) = -p**2 + 8. Let t be q(0). Suppose t*s - 3*s + 105 = 0. What is the units digit of 3 + s/(-3) + 1?
1
Let f(q) = 7*q**2 - 4*q - 1. What is the units digit